{"id":180,"date":"2023-07-05T08:09:33","date_gmt":"2023-07-05T12:09:33","guid":{"rendered":"https:\/\/migracion.correoparaguayo.gov.py\/?page_id=180"},"modified":"2023-09-26T09:05:00","modified_gmt":"2023-09-26T13:05:00","slug":"marco-legal","status":"publish","type":"page","link":"https:\/\/correoparaguayo.gov.py\/sitio\/marco-legal\/","title":{"rendered":"Marco Legal"},"content":{"rendered":"\t\t<div data-elementor-type=\"wp-page\" data-elementor-id=\"180\" class=\"elementor elementor-180\">\n\t\t\t\t\t\t<section class=\"elementor-section elementor-top-section elementor-element elementor-element-57382af elementor-section-boxed elementor-section-height-default elementor-section-height-default\" data-id=\"57382af\" data-element_type=\"section\" data-e-type=\"section\">\n\t\t\t\t\t\t<div class=\"elementor-container elementor-column-gap-default\">\n\t\t\t\t\t<div class=\"elementor-column elementor-col-50 elementor-top-column elementor-element elementor-element-9967a3f\" data-id=\"9967a3f\" data-element_type=\"column\" data-e-type=\"column\">\n\t\t\t<div class=\"elementor-widget-wrap\">\n\t\t\t\t\t\t\t<\/div>\n\t\t<\/div>\n\t\t\t\t<div class=\"elementor-column elementor-col-50 elementor-top-column elementor-element elementor-element-4b61b97\" data-id=\"4b61b97\" data-element_type=\"column\" data-e-type=\"column\">\n\t\t\t<div class=\"elementor-widget-wrap elementor-element-populated\">\n\t\t\t\t\t\t<div class=\"elementor-element elementor-element-ec311be elementor-widget elementor-widget-text-editor\" data-id=\"ec311be\" data-element_type=\"widget\" data-e-type=\"widget\" data-widget_type=\"text-editor.default\">\n\t\t\t\t<div class=\"elementor-widget-container\">\n\t\t\t\t\t\t\t\t\t<h1 style=\"text-align: center;\">LEYES<\/h1><p><strong>LEY N\u00b0 4016\/2010\u00a0<\/strong>QUE CREA LA DIRECCI\u00d3N NACIONAL DE CORREOS DEL PARAGUAY (DINACOPA)<\/p><p><span style=\"text-decoration: underline;\"><em><a href=\"https:\/\/correoparaguayo.gov.py\/sitio\/wp-content\/uploads\/2023\/09\/4016.pdf\" target=\"_blank\" rel=\"noopener\">Descargar<\/a><\/em><\/span><\/p><p><strong>LEY N\u00b0 2595\/2005\u00a0<\/strong>QUE APRUEBA EL CONVENIO POSTAL UNIVERSAL Y EL REGLAMENTO GENERAL DE LA UNI\u00d3N POSTAL UNIVERSAL (UPU).<\/p><p><span style=\"text-decoration: underline;\"><em><a href=\"https:\/\/correoparaguayo.gov.py\/sitio\/wp-content\/uploads\/2023\/09\/2595.pdf\" target=\"_blank\" rel=\"noopener\">Descargar<\/a><\/em><\/span><\/p><p><strong>LEY N\u00b0 5394\/2015\u00a0<\/strong>QUE APRUEBA LOS INSTRUMENTOS INTERNACIONALES ADOPTADOS EN DIVERSOS CONGRESOS DE LA UNI\u00d3N POSTAL UNIVERSAL (UPU).<\/p><p><span style=\"text-decoration: underline;\"><em><a href=\"https:\/\/correoparaguayo.gov.py\/sitio\/wp-content\/uploads\/2023\/09\/LEY-5394.pdf\">Descargar<\/a><\/em><\/span><\/p><p>\u00a0<\/p><p>\u00a0<\/p>\t\t\t\t\t\t\t\t<\/div>\n\t\t\t\t<\/div>\n\t\t\t\t\t<\/div>\n\t\t<\/div>\n\t\t\t\t\t<\/div>\n\t\t<\/section>\n\t\t\t\t<section class=\"elementor-section elementor-top-section elementor-element elementor-element-c7067b1 elementor-section-boxed elementor-section-height-default elementor-section-height-default\" data-id=\"c7067b1\" data-element_type=\"section\" data-e-type=\"section\">\n\t\t\t\t\t\t<div class=\"elementor-container elementor-column-gap-default\">\n\t\t\t\t\t<div class=\"elementor-column elementor-col-50 elementor-top-column elementor-element elementor-element-86700c8\" data-id=\"86700c8\" data-element_type=\"column\" data-e-type=\"column\">\n\t\t\t<div class=\"elementor-widget-wrap\">\n\t\t\t\t\t\t\t<\/div>\n\t\t<\/div>\n\t\t\t\t<div class=\"elementor-column elementor-col-50 elementor-top-column elementor-element elementor-element-b06dc9a\" data-id=\"b06dc9a\" data-element_type=\"column\" data-e-type=\"column\">\n\t\t\t<div class=\"elementor-widget-wrap elementor-element-populated\">\n\t\t\t\t\t\t<div class=\"elementor-element elementor-element-245f76c elementor-widget__width-initial elementor-widget elementor-widget-text-editor\" data-id=\"245f76c\" data-element_type=\"widget\" data-e-type=\"widget\" data-widget_type=\"text-editor.default\">\n\t\t\t\t<div class=\"elementor-widget-container\">\n\t\t\t\t\t\t\t\t\t<h1 style=\"text-align: center;\">DECRETOS<\/h1><p><strong>DECRETO N\u00b0 62\/2023 <\/strong>POR EL CUAL SE NOMBRA A LA SE\u00d1ORA NIDIA ROSA L\u00d3PEZ DE GONZ\u00c1LEZ, COMO DIRECTORA GENERAL DE LA DIRECCI\u00d3N NACIONAL DE CORREOS DEL PARAGUAY (DINACOPA).<\/p><p style=\"text-align: left;\"><span style=\"text-decoration: underline;\"><em><a href=\"https:\/\/correoparaguayo.gov.py\/sitio\/wp-content\/uploads\/2023\/09\/DECRETO62-2.pdf\" target=\"_blank\" rel=\"noopener\">Descargar<\/a><\/em><\/span><\/p>\t\t\t\t\t\t\t\t<\/div>\n\t\t\t\t<\/div>\n\t\t\t\t\t<\/div>\n\t\t<\/div>\n\t\t\t\t\t<\/div>\n\t\t<\/section>\n\t\t\t\t<\/div>\n\t\t","protected":false},"excerpt":{"rendered":"<p>LEYES LEY N\u00b0 4016\/2010\u00a0QUE CREA LA DIRECCI\u00d3N NACIONAL DE CORREOS DEL PARAGUAY (DINACOPA) Descargar LEY N\u00b0 2595\/2005\u00a0QUE APRUEBA EL CONVENIO POSTAL UNIVERSAL Y EL REGLAMENTO GENERAL DE LA UNI\u00d3N POSTAL UNIVERSAL (UPU). Descargar LEY N\u00b0 5394\/2015\u00a0QUE APRUEBA LOS INSTRUMENTOS INTERNACIONALES ADOPTADOS EN DIVERSOS CONGRESOS DE LA UNI\u00d3N POSTAL UNIVERSAL (UPU). Descargar \u00a0 \u00a0 DECRETOS DECRETO [&hellip;]<\/p>\n","protected":false},"author":2,"featured_media":0,"parent":0,"menu_order":0,"comment_status":"closed","ping_status":"closed","template":"","meta":{"footnotes":""},"class_list":["post-180","page","type-page","status-publish","hentry"],"_links":{"self":[{"href":"https:\/\/correoparaguayo.gov.py\/sitio\/wp-json\/wp\/v2\/pages\/180","targetHints":{"allow":["GET"]}}],"collection":[{"href":"https:\/\/correoparaguayo.gov.py\/sitio\/wp-json\/wp\/v2\/pages"}],"about":[{"href":"https:\/\/correoparaguayo.gov.py\/sitio\/wp-json\/wp\/v2\/types\/page"}],"author":[{"embeddable":true,"href":"https:\/\/correoparaguayo.gov.py\/sitio\/wp-json\/wp\/v2\/users\/2"}],"replies":[{"embeddable":true,"href":"https:\/\/correoparaguayo.gov.py\/sitio\/wp-json\/wp\/v2\/comments?post=180"}],"version-history":[{"count":70,"href":"https:\/\/correoparaguayo.gov.py\/sitio\/wp-json\/wp\/v2\/pages\/180\/revisions"}],"predecessor-version":[{"id":3552,"href":"https:\/\/correoparaguayo.gov.py\/sitio\/wp-json\/wp\/v2\/pages\/180\/revisions\/3552"}],"wp:attachment":[{"href":"https:\/\/correoparaguayo.gov.py\/sitio\/wp-json\/wp\/v2\/media?parent=180"}],"curies":[{"name":"wp","href":"https:\/\/api.w.org\/{rel}","templated":true}]}}