{"id":154,"date":"2023-07-05T07:27:31","date_gmt":"2023-07-05T11:27:31","guid":{"rendered":"https:\/\/migracion.correoparaguayo.gov.py\/?page_id=154"},"modified":"2023-07-05T07:42:59","modified_gmt":"2023-07-05T11:42:59","slug":"el-correo","status":"publish","type":"page","link":"https:\/\/correoparaguayo.gov.py\/sitio\/el-correo\/","title":{"rendered":"El Correo"},"content":{"rendered":"\t\t<div data-elementor-type=\"wp-page\" data-elementor-id=\"154\" class=\"elementor elementor-154\">\n\t\t\t\t\t\t<section class=\"elementor-section elementor-top-section elementor-element elementor-element-b717fd2 elementor-section-boxed elementor-section-height-default elementor-section-height-default\" data-id=\"b717fd2\" data-element_type=\"section\" data-e-type=\"section\">\n\t\t\t\t\t\t<div class=\"elementor-container elementor-column-gap-default\">\n\t\t\t\t\t<div class=\"elementor-column elementor-col-33 elementor-top-column elementor-element elementor-element-5c46c83\" data-id=\"5c46c83\" data-element_type=\"column\" data-e-type=\"column\">\n\t\t\t<div class=\"elementor-widget-wrap\">\n\t\t\t\t\t\t\t<\/div>\n\t\t<\/div>\n\t\t\t\t<div class=\"elementor-column elementor-col-33 elementor-top-column elementor-element elementor-element-7a30065\" data-id=\"7a30065\" data-element_type=\"column\" data-e-type=\"column\">\n\t\t\t<div class=\"elementor-widget-wrap\">\n\t\t\t\t\t\t\t<\/div>\n\t\t<\/div>\n\t\t\t\t<div class=\"elementor-column elementor-col-33 elementor-top-column elementor-element elementor-element-17e476d\" data-id=\"17e476d\" data-element_type=\"column\" data-e-type=\"column\">\n\t\t\t<div class=\"elementor-widget-wrap\">\n\t\t\t\t\t\t\t<\/div>\n\t\t<\/div>\n\t\t\t\t\t<\/div>\n\t\t<\/section>\n\t\t\t\t<section class=\"elementor-section elementor-top-section elementor-element elementor-element-006460d elementor-section-boxed elementor-section-height-default elementor-section-height-default\" data-id=\"006460d\" data-element_type=\"section\" data-e-type=\"section\">\n\t\t\t\t\t\t<div class=\"elementor-container elementor-column-gap-default\">\n\t\t\t\t\t<div class=\"elementor-column elementor-col-50 elementor-top-column elementor-element elementor-element-47dec47\" data-id=\"47dec47\" data-element_type=\"column\" data-e-type=\"column\">\n\t\t\t<div class=\"elementor-widget-wrap\">\n\t\t\t\t\t\t\t<\/div>\n\t\t<\/div>\n\t\t\t\t<div class=\"elementor-column elementor-col-50 elementor-top-column elementor-element elementor-element-6b838b7\" data-id=\"6b838b7\" data-element_type=\"column\" data-e-type=\"column\">\n\t\t\t<div class=\"elementor-widget-wrap elementor-element-populated\">\n\t\t\t\t\t\t<div class=\"elementor-element elementor-element-e462dc0 elementor-widget elementor-widget-text-editor\" data-id=\"e462dc0\" data-element_type=\"widget\" data-e-type=\"widget\" data-widget_type=\"text-editor.default\">\n\t\t\t\t<div class=\"elementor-widget-container\">\n\t\t\t\t\t\t\t\t\t<table><tbody><tr><td><strong>a)<\/strong><\/td><td><h3>Rese\u00f1a Institucional<\/h3><p><strong>La Direcci\u00f3n Nacional de Correos del Paraguay (DINACOPA) fue creado por la Ley N\u00ba 4016\/10.<\/strong><\/p><h3>Objetivos.<\/h3><p>La DINACOPA tiene como objetivo:<\/p><p>La prestaci\u00f3n de los servicios postales de origen nacional e internacional incluidos los del \u00e1mbito del Servicio Postal Universal; los dem\u00e1s servicios y productos creados y a crearse ofrecidos por la DINACOPA; as\u00ed como la emisi\u00f3n y promoci\u00f3n de los sellos postales, tendientes a la satisfacci\u00f3n de las necesidades de sus clientes.<\/p><h3>Funciones.<\/h3><p>La DINACOPA tiene como funciones:<\/p><p>La administraci\u00f3n, gesti\u00f3n, desarrollo y explotaci\u00f3n de los servicios postales de origen nacional e internacional, incluidos los del \u00e1mbito del servicio postal universal; los dem\u00e1s servicios y productos; los previstos en los tratados internacionales suscritos y ratificados; los servicios y productos postales creados por la DINACOPA, a fin de satisfacer las necesidades de los clientes.<\/p><\/td><\/tr><tr><td><strong>b)<\/strong><\/td><td>La prestaci\u00f3n de servicios de correo h\u00edbrido, servicios financieros, provisi\u00f3n de log\u00edstica y cualquier otro tipo de servicio de nuevas creaci\u00f3n, relacionado con la correspondencia y dem\u00e1s comunicaciones postales.<\/td><\/tr><tr><td><strong>c)<\/strong><\/td><td>Promover y desarrollar con entidades afines de otros pa\u00edses, el intercambio de servicios y participar de las reuniones de la Uni\u00f3n Postal Universal-UPU, Uni\u00f3n Postal de las Am\u00e9ricas Espa\u00f1a y Portugal \u2013 UPAEP y dem\u00e1s Organismos Internacionales relacionados con la actividad postal.<\/td><\/tr><tr><td><strong>d)<\/strong><\/td><td>Promover las acciones necesarias para la adecuada utilizaci\u00f3n de la asistencia y cooperaci\u00f3n t\u00e9cnica en materia postal a escala nacional e internacional y propender a la interacci\u00f3n y cooperaci\u00f3n mutua con entidades del sector p\u00fablico y privado.<\/td><\/tr><tr><td><strong>e)<\/strong><\/td><td>Emitir y poner en circulaci\u00f3n los sellos de correos u otros medios de franqueo, as\u00ed como la comercializaci\u00f3n de los mismos.<\/td><\/tr><tr><td><strong>f)<\/strong><\/td><td>Fomentar, impulsar, comercializar, exhibir y promover las especies o productos postales a trav\u00e9s de la filatelia.<\/td><\/tr><tr><td><strong>g)<\/strong><\/td><td>Conservar, enriquecer y difundir las colecciones postales que forman parte del patrimonio cultural de la Naci\u00f3n.<\/td><\/tr><tr><td><strong>h)<\/strong><\/td><td>Establecer las tarifas y los precios para los servicios y productos postales.<\/td><\/tr><tr><td><strong>i)<\/strong><\/td><td>Planificar y formular la pol\u00edtica general de la DINACOPA, para el \u00e1rea comercial, operativa, administrativa y financiera.<\/td><\/tr><tr><td><strong>j)<\/strong><\/td><td>Dise\u00f1ar, elaborar y proponer la normativa org\u00e1nica de la DINACOPA, para el mejor servicio y funcionamiento administrativo y operativo.<\/td><\/tr><tr><td><strong>k)<\/strong><\/td><td>Suscribir contratos con clientes, proveedores y prestadores de servicios.<\/td><\/tr><tr><td><strong>l)<\/strong><\/td><td>Suscribir acuerdos con otras Administraciones Postales Internacionales y con terceros, para incorporar y comercializar nuevos servicios y productos.<\/td><\/tr><tr><td><strong>m)<\/strong><\/td><td>Acordar condiciones y suscribir acuerdos para la tercerizaci\u00f3n total o parcial de servicios y venta de productos postales, en el marco de lo dispuesto por la Ley N\u00b0 2051\/03 \u00abDE CONTRATACIONES PUBLICAS\u00bb y sus modificatorias.<\/td><\/tr><tr><td><strong>n)<\/strong><\/td><td>Acordar tarifas y celebrar contratos con empresas de transporte a\u00e9reo, fluvial, terrestre y de locaci\u00f3n, como locador o locatario de inmuebles.<\/td><\/tr><tr><td><strong>\u00f1)<\/strong><\/td><td>Formalizar acuerdos de cooperaci\u00f3n con otros operadores de servicios postales, nacionales e internacionales.<\/td><\/tr><tr><td><strong>o)<\/strong><\/td><td>Administrar sus bienes, elaborar y ejecutar su presupuesto.<\/td><\/tr><tr><td><strong>p)<\/strong><\/td><td>Habilitar y cancelar cuentas en el sistema financiero local o internacional, as\u00ed como ejecutar operaciones activas y pasivas de cr\u00e9ditos o pr\u00e9stamos.<\/td><\/tr><\/tbody><\/table><h3>Atribuciones de la DINACOPA<\/h3><p>En su condici\u00f3n de operador designado para la prestaci\u00f3n del Servicio Postal Universal garantizado por el Estado, quedan reservadas con car\u00e1cter exclusivo a la DINACOPA:<\/p><table><tbody><tr><td><strong>a)<\/strong><\/td><td>La recepci\u00f3n, admisi\u00f3n, clasificaci\u00f3n, procesamiento, transporte, distribuci\u00f3n y entrega en todo el territorio nacional de correspondencia, certificada o no, siempre que su peso sea igual o inferior a 100 (cien) gramos.<\/td><\/tr><tr><td><strong>b)<\/strong><\/td><td>La preferencia cuando los remitentes sean el sector p\u00fablico nacional y dem\u00e1s entes aut\u00e1rquicos y descentralizados.<\/td><\/tr><tr><td><strong>c)<\/strong><\/td><td>La preferencia en la entrega de documento y dem\u00e1s notificaciones de car\u00e1cter administrativo o judicial y su certificaci\u00f3n a los efectos legales, conforme a las disposiciones del C\u00f3digo de Procedimientos Civiles.<\/td><\/tr><tr><td><strong>d)<\/strong><\/td><td>La preferencia de tr\u00e1mites en el control aduanero de los env\u00edos, incluidos en el \u00e1mbito del SPU, y servicios que presta la DINACOPA.<\/td><\/tr><tr><td><strong>e)<\/strong><\/td><td>La prioridad y regularidad en el tratamiento y transporte de los despachos postales, por parte de todas las empresas a\u00e9reas, fluviales, ferroviarias y terrestres que operan dentro del territorio nacional.<\/td><\/tr><tr><td><strong>f)<\/strong><\/td><td>La atribuci\u00f3n de establecer el servicio de Casillas de Correos o Apartados Postales destinado a la entrega de env\u00edos de correspondencia y a la instalaci\u00f3n de Buzones Postales de Admisi\u00f3n, en todo el territorio nacional.<\/td><\/tr><tr><td><strong>g)<\/strong><\/td><td>La utilizaci\u00f3n de las denominaciones \u00abEl Correo\u00bb, \u00abCorreo Paraguayo\u00bb, \u00abCorreo Oficial\u00bb, \u00abCorreo P\u00fablico\u00bb, el logotipo y dem\u00e1s signos distintivos identificadores de los productos y servicios del Correo Paraguayo; la emisi\u00f3n y utilizaci\u00f3n de los sellos postales y dem\u00e1s signos de franqueo y acreditativos del pago de la tasa postal.<\/td><\/tr><tr><td><strong>h)<\/strong><\/td><td>La DINACOPA tiene capacidad para comprar, vender o arrendar bienes muebles e inmuebles y podr\u00e1 recibir donaciones. Asimismo, tendr\u00e1 capacidad para realizar y celebrar todos los actos y contratos necesarios para el desempe\u00f1o de su cometido.<\/td><\/tr><tr><td><strong>i)<\/strong><\/td><td>Las empresas privadas dedicadas a prestar servicios postales o de mensajer\u00edas, admisi\u00f3n, transporte y distribuci\u00f3n de paqueter\u00edas y afines deben estar inscriptas en el registro de operadores postales habilitado a ese efecto en la DINACOPA<strong>\u00ab.<br \/><\/strong><\/td><\/tr><\/tbody><\/table>\t\t\t\t\t\t\t\t<\/div>\n\t\t\t\t<\/div>\n\t\t\t\t\t<\/div>\n\t\t<\/div>\n\t\t\t\t\t<\/div>\n\t\t<\/section>\n\t\t\t\t<\/div>\n\t\t","protected":false},"excerpt":{"rendered":"<p>a) Rese\u00f1a Institucional La Direcci\u00f3n Nacional de Correos del Paraguay (DINACOPA) fue creado por la Ley N\u00ba 4016\/10. Objetivos. La DINACOPA tiene como objetivo: La prestaci\u00f3n de los servicios postales de origen nacional e internacional incluidos los del \u00e1mbito del Servicio Postal Universal; los dem\u00e1s servicios y productos creados y a crearse ofrecidos por la [&hellip;]<\/p>\n","protected":false},"author":2,"featured_media":0,"parent":0,"menu_order":0,"comment_status":"closed","ping_status":"closed","template":"","meta":{"footnotes":""},"class_list":["post-154","page","type-page","status-publish","hentry"],"_links":{"self":[{"href":"https:\/\/correoparaguayo.gov.py\/sitio\/wp-json\/wp\/v2\/pages\/154","targetHints":{"allow":["GET"]}}],"collection":[{"href":"https:\/\/correoparaguayo.gov.py\/sitio\/wp-json\/wp\/v2\/pages"}],"about":[{"href":"https:\/\/correoparaguayo.gov.py\/sitio\/wp-json\/wp\/v2\/types\/page"}],"author":[{"embeddable":true,"href":"https:\/\/correoparaguayo.gov.py\/sitio\/wp-json\/wp\/v2\/users\/2"}],"replies":[{"embeddable":true,"href":"https:\/\/correoparaguayo.gov.py\/sitio\/wp-json\/wp\/v2\/comments?post=154"}],"version-history":[{"count":7,"href":"https:\/\/correoparaguayo.gov.py\/sitio\/wp-json\/wp\/v2\/pages\/154\/revisions"}],"predecessor-version":[{"id":161,"href":"https:\/\/correoparaguayo.gov.py\/sitio\/wp-json\/wp\/v2\/pages\/154\/revisions\/161"}],"wp:attachment":[{"href":"https:\/\/correoparaguayo.gov.py\/sitio\/wp-json\/wp\/v2\/media?parent=154"}],"curies":[{"name":"wp","href":"https:\/\/api.w.org\/{rel}","templated":true}]}}